{"id":3340,"date":"2023-11-21T15:04:02","date_gmt":"2023-11-21T14:04:02","guid":{"rendered":"https:\/\/dev-durable.agglo-larochelle.fr\/2023\/?page_id=3340"},"modified":"2023-12-15T15:00:39","modified_gmt":"2023-12-15T14:00:39","slug":"une-delegation-mexicaine-accueillie-a-la-rochelle-pour-cooperer-sur-la-ville-durable","status":"publish","type":"page","link":"https:\/\/dev-durable.agglo-larochelle.fr\/2023\/un-territoire-de-cooperations\/cooperations-decentralisees\/une-delegation-mexicaine-accueillie-a-la-rochelle-pour-cooperer-sur-la-ville-durable\/","title":{"rendered":"Une d\u00e9l\u00e9gation mexicaine accueillie \u00e0 La Rochelle pour coop\u00e9rer sur \u00ab\u00a0la ville durable\u00a0\u00bb"},"content":{"rendered":"\n<p><strong>Dans le cadre de la coop\u00e9ration d\u00e9centralis\u00e9e de l\u2019Agglom\u00e9ration et l\u2019\u00c9tat de Campeche au Mexique, une d\u00e9l\u00e9gation officielle s\u2019est d\u00e9plac\u00e9e en octobre afin de travailler sur la Ville et l\u2019urbanisme durable, avec visites de sites et r\u00e9union de travail.<\/strong><\/p>\n<p>La coop\u00e9ration entre La Rochelle et l\u2019\u00c9tat de Campeche autour de la \u00ab\u00a0Ville durable\u00a0\u00bb date de 2015. De 2016 \u00e0 2021, la premi\u00e8re th\u00e9matique de coop\u00e9ration portait sur l\u2019eau avec la cr\u00e9ation d\u2019une \u00ab\u00a0Maison de l\u2019eau \u00bb, lieu de gouvernance entre la soci\u00e9t\u00e9 civile et les diff\u00e9rents niveaux institutionnels. Deux nouveaux axes de coop\u00e9ration vont d\u00e9sormais \u00eatre d\u00e9velopp\u00e9s\u00a0: la cr\u00e9ation d\u2019un \u00e9co-quartier sur la ville de Campeche, et la r\u00e9daction d\u2019une charte entre l\u2019\u00c9tat de Campeche et l\u2019Institut national d\u2019anthropologie et d\u2019histoire (INAH), sur l\u2019accompagnement des projets de r\u00e9habilitation du centre historique. Cette coop\u00e9ration b\u00e9n\u00e9ficie du double soutien des gouvernements mexicain et fran\u00e7ais.<\/p>\n","protected":false},"excerpt":{"rendered":"<p>Dans le cadre de la coop\u00e9ration d\u00e9centralis\u00e9e de l\u2019Agglom\u00e9ration et l\u2019\u00c9tat de Campeche au Mexique, une d\u00e9l\u00e9gation officielle s\u2019est d\u00e9plac\u00e9e en octobre afin de travailler sur la Ville et l\u2019urbanisme durable, avec visites de sites et r\u00e9union de travail. La coop\u00e9ration entre La Rochelle et l\u2019\u00c9tat de Campeche autour de la \u00ab\u00a0Ville durable\u00a0\u00bb date de [&hellip;]<\/p>\n","protected":false},"author":1,"featured_media":3734,"parent":2845,"menu_order":1,"comment_status":"closed","ping_status":"closed","template":"page-sous-partie.php","meta":{"inline_featured_image":false,"footnotes":""},"categories":[],"tags":[27,45,56],"acf":[],"_links":{"self":[{"href":"https:\/\/dev-durable.agglo-larochelle.fr\/2023\/wp-json\/wp\/v2\/pages\/3340"}],"collection":[{"href":"https:\/\/dev-durable.agglo-larochelle.fr\/2023\/wp-json\/wp\/v2\/pages"}],"about":[{"href":"https:\/\/dev-durable.agglo-larochelle.fr\/2023\/wp-json\/wp\/v2\/types\/page"}],"author":[{"embeddable":true,"href":"https:\/\/dev-durable.agglo-larochelle.fr\/2023\/wp-json\/wp\/v2\/users\/1"}],"replies":[{"embeddable":true,"href":"https:\/\/dev-durable.agglo-larochelle.fr\/2023\/wp-json\/wp\/v2\/comments?post=3340"}],"version-history":[{"count":2,"href":"https:\/\/dev-durable.agglo-larochelle.fr\/2023\/wp-json\/wp\/v2\/pages\/3340\/revisions"}],"predecessor-version":[{"id":3342,"href":"https:\/\/dev-durable.agglo-larochelle.fr\/2023\/wp-json\/wp\/v2\/pages\/3340\/revisions\/3342"}],"up":[{"embeddable":true,"href":"https:\/\/dev-durable.agglo-larochelle.fr\/2023\/wp-json\/wp\/v2\/pages\/2845"}],"wp:featuredmedia":[{"embeddable":true,"href":"https:\/\/dev-durable.agglo-larochelle.fr\/2023\/wp-json\/wp\/v2\/media\/3734"}],"wp:attachment":[{"href":"https:\/\/dev-durable.agglo-larochelle.fr\/2023\/wp-json\/wp\/v2\/media?parent=3340"}],"wp:term":[{"taxonomy":"category","embeddable":true,"href":"https:\/\/dev-durable.agglo-larochelle.fr\/2023\/wp-json\/wp\/v2\/categories?post=3340"},{"taxonomy":"post_tag","embeddable":true,"href":"https:\/\/dev-durable.agglo-larochelle.fr\/2023\/wp-json\/wp\/v2\/tags?post=3340"}],"curies":[{"name":"wp","href":"https:\/\/api.w.org\/{rel}","templated":true}]}}

Une délégation mexicaine accueillie à La Rochelle pour coopérer sur « la ville durable »

<p><strong>Dans le cadre de la coopération décentralisée de l’Agglomération et l’État de Campeche au Mexique, une délégation officielle s’est déplacée en octobre afin de travailler sur la Ville et l’urbanisme durable, avec visites de sites et réunion de travail.</strong></p>
<p>La coopération entre La Rochelle et l’État de Campeche autour de la « Ville durable » date de 2015. De 2016 à 2021, la première thématique de coopération portait sur l’eau avec la création d’une « Maison de l’eau », lieu de gouvernance entre la société civile et les différents niveaux institutionnels. Deux nouveaux axes de coopération vont désormais être développés : la création d’un éco-quartier sur la ville de Campeche, et la rédaction d’une charte entre l’État de Campeche et l’Institut national d’anthropologie et d’histoire (INAH), sur l’accompagnement des projets de réhabilitation du centre historique. Cette coopération bénéficie du double soutien des gouvernements mexicain et français.</p>

<p>Dans le cadre de la coopération décentralisée de l’Agglomération et l’État de Campeche au Mexique, une délégation officielle s’est déplacée en octobre afin de travailler sur la Ville et l’urbanisme durable, avec visites de sites et réunion de travail. La coopération entre La Rochelle et l’État de Campeche autour de la « Ville durable » date de [&hellip;]</p>
