{"id":761,"date":"2019-12-02T09:27:49","date_gmt":"2019-12-02T08:27:49","guid":{"rendered":"https:\/\/dev-durable.agglo-larochelle.fr\/20236.0.2\/?page_id=761"},"modified":"2023-12-20T09:15:01","modified_gmt":"2023-12-20T08:15:01","slug":"les-4-odd-les-plus-mis-en-avant-dans-ce-rapport","status":"publish","type":"page","link":"https:\/\/dev-durable.agglo-larochelle.fr\/2023\/les-objectifs-du-developpement-durable\/les-4-odd-les-plus-mis-en-avant-dans-ce-rapport\/","title":{"rendered":"Les 4 ODD les plus pr\u00e9sents dans ce rapport"},"content":{"rendered":"\n<p style=\"font-size:16px\">Les ODD qui sont les plus repr\u00e9sent\u00e9s \u00e0 travers les actions identifi\u00e9es dans ce rapport 2023 \u00a0sont :<\/p>\n\n\n\n<div style=\"height:25px\" aria-hidden=\"true\" class=\"wp-block-spacer\"><\/div>\n\n\n\n<div class=\"wp-block-columns are-vertically-aligned-top is-layout-flex wp-container-core-columns-layout-1 wp-block-columns-is-layout-flex\">\n<div class=\"wp-block-column is-vertically-aligned-top is-layout-flow wp-block-column-is-layout-flow\" style=\"flex-basis:180px\">\n<figure class=\"wp-block-image size-full\"><img decoding=\"async\" width=\"170\" height=\"170\" data-src=\"https:\/\/dev-durable.agglo-larochelle.fr\/2023\/wp-content\/uploads\/2022\/09\/F_SDG-goals_icons-individual-rgb-13-min.png\" alt=\"13 \u2013 Mesures relatives \u00e0 la lutte contre les changements climatiques\" class=\"wp-image-2406 lazyload\" data-srcset=\"https:\/\/dev-durable.agglo-larochelle.fr\/2023\/wp-content\/uploads\/2022\/09\/F_SDG-goals_icons-individual-rgb-13-min.png 170w, https:\/\/dev-durable.agglo-larochelle.fr\/2023\/wp-content\/uploads\/2022\/09\/F_SDG-goals_icons-individual-rgb-13-min-78x78.png 78w\" data-sizes=\"(max-width: 170px) 100vw, 170px\" src=\"data:image\/svg+xml;base64,PHN2ZyB3aWR0aD0iMSIgaGVpZ2h0PSIxIiB4bWxucz0iaHR0cDovL3d3dy53My5vcmcvMjAwMC9zdmciPjwvc3ZnPg==\" style=\"--smush-placeholder-width: 170px; --smush-placeholder-aspect-ratio: 170\/170;\" \/><\/figure>\n<\/div>\n\n\n\n<div class=\"wp-block-column is-vertically-aligned-top is-layout-flow wp-block-column-is-layout-flow\" style=\"flex-basis:66.66%\">\n<p><strong>L\u2019ODD 13<\/strong>&nbsp;: <strong>Prendre d\u2019urgence des mesures pour lutter contre les changements climatiques et leurs r\u00e9percussions<\/strong>. Parmi ses cibles&nbsp;: renforcer la r\u00e9silience et les capacit\u00e9s d\u2019adaptation face aux al\u00e9as climatiques et aux catastrophes naturelles li\u00e9es au climat&nbsp;; incorporer des mesures relatives aux changements climatiques dans les politiques, les strat\u00e9gies et la planification (La Rochelle Territoire Z\u00e9ro Carbone est \u00e0 ce titre une feuille de route locale pour r\u00e9pondre \u00e0 cet ODD)&nbsp;; am\u00e9liorer l\u2019\u00e9ducation, la sensibilisation et les capacit\u00e9s individuelles et institutionnelles en ce qui concerne l\u2019adaptation aux changements climatiques, l\u2019att\u00e9nuation de leurs effets et la r\u00e9duction de leur impact.<\/p>\n<\/div>\n<\/div>\n\n\n\n<div style=\"height:25px\" aria-hidden=\"true\" class=\"wp-block-spacer\"><\/div>\n\n\n\n<div class=\"wp-block-columns are-vertically-aligned-top is-layout-flex wp-container-core-columns-layout-2 wp-block-columns-is-layout-flex\">\n<div class=\"wp-block-column is-vertically-aligned-top is-layout-flow wp-block-column-is-layout-flow\" style=\"flex-basis:180px\">\n<figure class=\"wp-block-image size-full\"><img decoding=\"async\" width=\"170\" height=\"170\" data-src=\"https:\/\/dev-durable.agglo-larochelle.fr\/2023\/wp-content\/uploads\/2022\/09\/F_SDG-goals_icons-individual-rgb-11-min.png\" alt=\"11 \u2013 Villes et communaut\u00e9s durables\" class=\"wp-image-2404 lazyload\" data-srcset=\"https:\/\/dev-durable.agglo-larochelle.fr\/2023\/wp-content\/uploads\/2022\/09\/F_SDG-goals_icons-individual-rgb-11-min.png 170w, https:\/\/dev-durable.agglo-larochelle.fr\/2023\/wp-content\/uploads\/2022\/09\/F_SDG-goals_icons-individual-rgb-11-min-78x78.png 78w\" data-sizes=\"(max-width: 170px) 100vw, 170px\" src=\"data:image\/svg+xml;base64,PHN2ZyB3aWR0aD0iMSIgaGVpZ2h0PSIxIiB4bWxucz0iaHR0cDovL3d3dy53My5vcmcvMjAwMC9zdmciPjwvc3ZnPg==\" style=\"--smush-placeholder-width: 170px; --smush-placeholder-aspect-ratio: 170\/170;\" \/><\/figure>\n<\/div>\n\n\n\n<div class=\"wp-block-column is-vertically-aligned-top is-layout-flow wp-block-column-is-layout-flow\" style=\"flex-basis:66.66%\">\n<p><strong>L\u2019ODD 11\u00a0: Faire en sorte que les villes et les \u00e9tablissements humains soient ouverts \u00e0 tous, s\u00fbrs, r\u00e9silients et durables<\/strong>. Parmi ses cibles\u00a0: assurer l\u2019acc\u00e8s de tous \u00e0 un logement d\u00e9cent\u00a0; \u00e0 des transports s\u00fbrs, accessibles et viables\u00a0; renforcer l\u2019urbanisation durable\u00a0; renforcer les efforts de protection et de pr\u00e9servation du patrimoine culturel et naturel\u00a0; pr\u00e9venir et limiter l\u2019impact des catastrophes\u00a0; r\u00e9duire l\u2019impact environnemental\u00a0n\u00e9gatif des villes ; assurer l\u2019acc\u00e8s de tous, en particulier des femmes et des enfants, des personnes \u00e2g\u00e9es et des personnes handicap\u00e9es, \u00e0 des espaces verts et des espaces publics s\u00fbrs.<\/p>\n<\/div>\n<\/div>\n\n\n\n<div style=\"height:25px\" aria-hidden=\"true\" class=\"wp-block-spacer\"><\/div>\n\n\n\n<div class=\"wp-block-columns are-vertically-aligned-top is-layout-flex wp-container-core-columns-layout-3 wp-block-columns-is-layout-flex\">\n<div class=\"wp-block-column is-vertically-aligned-top is-layout-flow wp-block-column-is-layout-flow\" style=\"flex-basis:180px\">\n<figure class=\"wp-block-image size-full\"><img decoding=\"async\" width=\"170\" height=\"170\" data-src=\"https:\/\/dev-durable.agglo-larochelle.fr\/2023\/wp-content\/uploads\/2022\/09\/F_SDG-goals_icons-individual-rgb-12-min.png\" alt=\"12 \u2013 Consommation et production responsables\" class=\"wp-image-2405 lazyload\" data-srcset=\"https:\/\/dev-durable.agglo-larochelle.fr\/2023\/wp-content\/uploads\/2022\/09\/F_SDG-goals_icons-individual-rgb-12-min.png 170w, https:\/\/dev-durable.agglo-larochelle.fr\/2023\/wp-content\/uploads\/2022\/09\/F_SDG-goals_icons-individual-rgb-12-min-78x78.png 78w\" data-sizes=\"(max-width: 170px) 100vw, 170px\" src=\"data:image\/svg+xml;base64,PHN2ZyB3aWR0aD0iMSIgaGVpZ2h0PSIxIiB4bWxucz0iaHR0cDovL3d3dy53My5vcmcvMjAwMC9zdmciPjwvc3ZnPg==\" style=\"--smush-placeholder-width: 170px; --smush-placeholder-aspect-ratio: 170\/170;\" \/><\/figure>\n<\/div>\n\n\n\n<div class=\"wp-block-column is-vertically-aligned-top is-layout-flow wp-block-column-is-layout-flow\" style=\"flex-basis:66.66%\">\n<p><strong>L\u2019ODD 12 :<\/strong> <strong>Etablir des modes de consommation et de production durables. <\/strong>Parmi ses cibles\u00a0: parvenir \u00e0 une gestion durable des ressources naturelles\u00a0; r\u00e9duire le gaspillage alimentaire\u00a0; instaurer une gestion \u00e9cologique des produits chimiques\u00a0; r\u00e9duire la production de d\u00e9chets\u00a0; encourager la responsabilit\u00e9 soci\u00e9tale des entreprises\u00a0; promouvoir des pratiques durables dans le cadre des march\u00e9s publics\u00a0; assurer l\u2019acc\u00e8s \u00e0 la formation et \u00e0 l\u2019information environnementales\u00a0; \u0153uvrer pour un tourisme durable.<\/p>\n<\/div>\n<\/div>\n\n\n\n<div style=\"height:25px\" aria-hidden=\"true\" class=\"wp-block-spacer\"><\/div>\n\n\n\n<div class=\"wp-block-columns are-vertically-aligned-top is-layout-flex wp-container-core-columns-layout-4 wp-block-columns-is-layout-flex\">\n<div class=\"wp-block-column is-vertically-aligned-top is-layout-flow wp-block-column-is-layout-flow\" style=\"flex-basis:180px\">\n<figure class=\"wp-block-image size-full\"><img decoding=\"async\" width=\"170\" height=\"170\" data-src=\"https:\/\/dev-durable.agglo-larochelle.fr\/2023\/wp-content\/uploads\/2022\/09\/F_SDG-goals_icons-individual-rgb-17-min.png\" alt=\"Partenariats pour la r\u00e9alisation des objectifs\" class=\"wp-image-2393 lazyload\" style=\"--smush-placeholder-width: 170px; --smush-placeholder-aspect-ratio: 170\/170;object-fit:cover\" data-srcset=\"https:\/\/dev-durable.agglo-larochelle.fr\/2023\/wp-content\/uploads\/2022\/09\/F_SDG-goals_icons-individual-rgb-17-min.png 170w, https:\/\/dev-durable.agglo-larochelle.fr\/2023\/wp-content\/uploads\/2022\/09\/F_SDG-goals_icons-individual-rgb-17-min-78x78.png 78w\" data-sizes=\"(max-width: 170px) 100vw, 170px\" src=\"data:image\/svg+xml;base64,PHN2ZyB3aWR0aD0iMSIgaGVpZ2h0PSIxIiB4bWxucz0iaHR0cDovL3d3dy53My5vcmcvMjAwMC9zdmciPjwvc3ZnPg==\" \/><\/figure>\n<\/div>\n\n\n\n<div class=\"wp-block-column is-vertically-aligned-top is-layout-flow wp-block-column-is-layout-flow\" style=\"flex-basis:66.66%\">\n<p><strong>L\u2019ODD 17 : Partenariats pour la r\u00e9alisation des objectifs.<\/strong> Parmi ses cibles\u00a0: Encourager et promouvoir les partenariats publics, les partenariats public-priv\u00e9 et les partenariats avec la soci\u00e9t\u00e9 civile\u00a0; renforcer la coop\u00e9ration scientifique et technologique\u00a0; apporter un soutien au renforcement des capacit\u00e9s des pays en d\u00e9veloppement\u00a0; \u00e9tablir des indicateurs de progr\u00e8s en mati\u00e8re de d\u00e9veloppement durable.<\/p>\n<\/div>\n<\/div>\n","protected":false},"excerpt":{"rendered":"<p>Les ODD qui sont les plus repr\u00e9sent\u00e9s \u00e0 travers les actions identifi\u00e9es dans ce rapport 2023 \u00a0sont : L\u2019ODD 13&nbsp;: Prendre d\u2019urgence des mesures pour lutter contre les changements climatiques et leurs r\u00e9percussions. Parmi ses cibles&nbsp;: renforcer la r\u00e9silience et les capacit\u00e9s d\u2019adaptation face aux al\u00e9as climatiques et aux catastrophes naturelles li\u00e9es au climat&nbsp;; incorporer [&hellip;]<\/p>\n","protected":false},"author":1,"featured_media":3541,"parent":754,"menu_order":4,"comment_status":"closed","ping_status":"closed","template":"page-odd.php","meta":{"inline_featured_image":false,"footnotes":""},"categories":[],"tags":[],"acf":[],"_links":{"self":[{"href":"https:\/\/dev-durable.agglo-larochelle.fr\/2023\/wp-json\/wp\/v2\/pages\/761"}],"collection":[{"href":"https:\/\/dev-durable.agglo-larochelle.fr\/2023\/wp-json\/wp\/v2\/pages"}],"about":[{"href":"https:\/\/dev-durable.agglo-larochelle.fr\/2023\/wp-json\/wp\/v2\/types\/page"}],"author":[{"embeddable":true,"href":"https:\/\/dev-durable.agglo-larochelle.fr\/2023\/wp-json\/wp\/v2\/users\/1"}],"replies":[{"embeddable":true,"href":"https:\/\/dev-durable.agglo-larochelle.fr\/2023\/wp-json\/wp\/v2\/comments?post=761"}],"version-history":[{"count":44,"href":"https:\/\/dev-durable.agglo-larochelle.fr\/2023\/wp-json\/wp\/v2\/pages\/761\/revisions"}],"predecessor-version":[{"id":3761,"href":"https:\/\/dev-durable.agglo-larochelle.fr\/2023\/wp-json\/wp\/v2\/pages\/761\/revisions\/3761"}],"up":[{"embeddable":true,"href":"https:\/\/dev-durable.agglo-larochelle.fr\/2023\/wp-json\/wp\/v2\/pages\/754"}],"wp:featuredmedia":[{"embeddable":true,"href":"https:\/\/dev-durable.agglo-larochelle.fr\/2023\/wp-json\/wp\/v2\/media\/3541"}],"wp:attachment":[{"href":"https:\/\/dev-durable.agglo-larochelle.fr\/2023\/wp-json\/wp\/v2\/media?parent=761"}],"wp:term":[{"taxonomy":"category","embeddable":true,"href":"https:\/\/dev-durable.agglo-larochelle.fr\/2023\/wp-json\/wp\/v2\/categories?post=761"},{"taxonomy":"post_tag","embeddable":true,"href":"https:\/\/dev-durable.agglo-larochelle.fr\/2023\/wp-json\/wp\/v2\/tags?post=761"}],"curies":[{"name":"wp","href":"https:\/\/api.w.org\/{rel}","templated":true}]}}

Les 4 ODD les plus présents dans ce rapport

<p style="font-size:16px">Les ODD qui sont les plus représentés à travers les actions identifiées dans ce rapport 2023  sont :</p>



<div style="height:25px" aria-hidden="true" class="wp-block-spacer"></div>



<div class="wp-block-columns are-vertically-aligned-top is-layout-flex wp-container-core-columns-layout-1 wp-block-columns-is-layout-flex">
<div class="wp-block-column is-vertically-aligned-top is-layout-flow wp-block-column-is-layout-flow" style="flex-basis:180px">
<figure class="wp-block-image size-full"><img decoding="async" width="170" height="170" data-src="https://dev-durable.agglo-larochelle.fr/2023/wp-content/uploads/2022/09/F_SDG-goals_icons-individual-rgb-13-min.png" alt="13 – Mesures relatives à la lutte contre les changements climatiques" class="wp-image-2406 lazyload" data-srcset="https://dev-durable.agglo-larochelle.fr/2023/wp-content/uploads/2022/09/F_SDG-goals_icons-individual-rgb-13-min.png 170w, https://dev-durable.agglo-larochelle.fr/2023/wp-content/uploads/2022/09/F_SDG-goals_icons-individual-rgb-13-min-78x78.png 78w" data-sizes="(max-width: 170px) 100vw, 170px" src="data:image/svg+xml;base64,PHN2ZyB3aWR0aD0iMSIgaGVpZ2h0PSIxIiB4bWxucz0iaHR0cDovL3d3dy53My5vcmcvMjAwMC9zdmciPjwvc3ZnPg==" style="--smush-placeholder-width: 170px; --smush-placeholder-aspect-ratio: 170/170;" /></figure>
</div>



<div class="wp-block-column is-vertically-aligned-top is-layout-flow wp-block-column-is-layout-flow" style="flex-basis:66.66%">
<p><strong>L’ODD 13</strong>&nbsp;: <strong>Prendre d’urgence des mesures pour lutter contre les changements climatiques et leurs répercussions</strong>. Parmi ses cibles&nbsp;: renforcer la résilience et les capacités d’adaptation face aux aléas climatiques et aux catastrophes naturelles liées au climat&nbsp;; incorporer des mesures relatives aux changements climatiques dans les politiques, les stratégies et la planification (La Rochelle Territoire Zéro Carbone est à ce titre une feuille de route locale pour répondre à cet ODD)&nbsp;; améliorer l’éducation, la sensibilisation et les capacités individuelles et institutionnelles en ce qui concerne l’adaptation aux changements climatiques, l’atténuation de leurs effets et la réduction de leur impact.</p>
</div>
</div>



<div style="height:25px" aria-hidden="true" class="wp-block-spacer"></div>



<div class="wp-block-columns are-vertically-aligned-top is-layout-flex wp-container-core-columns-layout-2 wp-block-columns-is-layout-flex">
<div class="wp-block-column is-vertically-aligned-top is-layout-flow wp-block-column-is-layout-flow" style="flex-basis:180px">
<figure class="wp-block-image size-full"><img decoding="async" width="170" height="170" data-src="https://dev-durable.agglo-larochelle.fr/2023/wp-content/uploads/2022/09/F_SDG-goals_icons-individual-rgb-11-min.png" alt="11 – Villes et communautés durables" class="wp-image-2404 lazyload" data-srcset="https://dev-durable.agglo-larochelle.fr/2023/wp-content/uploads/2022/09/F_SDG-goals_icons-individual-rgb-11-min.png 170w, https://dev-durable.agglo-larochelle.fr/2023/wp-content/uploads/2022/09/F_SDG-goals_icons-individual-rgb-11-min-78x78.png 78w" data-sizes="(max-width: 170px) 100vw, 170px" src="data:image/svg+xml;base64,PHN2ZyB3aWR0aD0iMSIgaGVpZ2h0PSIxIiB4bWxucz0iaHR0cDovL3d3dy53My5vcmcvMjAwMC9zdmciPjwvc3ZnPg==" style="--smush-placeholder-width: 170px; --smush-placeholder-aspect-ratio: 170/170;" /></figure>
</div>



<div class="wp-block-column is-vertically-aligned-top is-layout-flow wp-block-column-is-layout-flow" style="flex-basis:66.66%">
<p><strong>L’ODD 11 : Faire en sorte que les villes et les établissements humains soient ouverts à tous, sûrs, résilients et durables</strong>. Parmi ses cibles : assurer l’accès de tous à un logement décent ; à des transports sûrs, accessibles et viables ; renforcer l’urbanisation durable ; renforcer les efforts de protection et de préservation du patrimoine culturel et naturel ; prévenir et limiter l’impact des catastrophes ; réduire l’impact environnemental négatif des villes ; assurer l’accès de tous, en particulier des femmes et des enfants, des personnes âgées et des personnes handicapées, à des espaces verts et des espaces publics sûrs.</p>
</div>
</div>



<div style="height:25px" aria-hidden="true" class="wp-block-spacer"></div>



<div class="wp-block-columns are-vertically-aligned-top is-layout-flex wp-container-core-columns-layout-3 wp-block-columns-is-layout-flex">
<div class="wp-block-column is-vertically-aligned-top is-layout-flow wp-block-column-is-layout-flow" style="flex-basis:180px">
<figure class="wp-block-image size-full"><img decoding="async" width="170" height="170" data-src="https://dev-durable.agglo-larochelle.fr/2023/wp-content/uploads/2022/09/F_SDG-goals_icons-individual-rgb-12-min.png" alt="12 – Consommation et production responsables" class="wp-image-2405 lazyload" data-srcset="https://dev-durable.agglo-larochelle.fr/2023/wp-content/uploads/2022/09/F_SDG-goals_icons-individual-rgb-12-min.png 170w, https://dev-durable.agglo-larochelle.fr/2023/wp-content/uploads/2022/09/F_SDG-goals_icons-individual-rgb-12-min-78x78.png 78w" data-sizes="(max-width: 170px) 100vw, 170px" src="data:image/svg+xml;base64,PHN2ZyB3aWR0aD0iMSIgaGVpZ2h0PSIxIiB4bWxucz0iaHR0cDovL3d3dy53My5vcmcvMjAwMC9zdmciPjwvc3ZnPg==" style="--smush-placeholder-width: 170px; --smush-placeholder-aspect-ratio: 170/170;" /></figure>
</div>



<div class="wp-block-column is-vertically-aligned-top is-layout-flow wp-block-column-is-layout-flow" style="flex-basis:66.66%">
<p><strong>L’ODD 12 :</strong> <strong>Etablir des modes de consommation et de production durables. </strong>Parmi ses cibles : parvenir à une gestion durable des ressources naturelles ; réduire le gaspillage alimentaire ; instaurer une gestion écologique des produits chimiques ; réduire la production de déchets ; encourager la responsabilité sociétale des entreprises ; promouvoir des pratiques durables dans le cadre des marchés publics ; assurer l’accès à la formation et à l’information environnementales ; œuvrer pour un tourisme durable.</p>
</div>
</div>



<div style="height:25px" aria-hidden="true" class="wp-block-spacer"></div>



<div class="wp-block-columns are-vertically-aligned-top is-layout-flex wp-container-core-columns-layout-4 wp-block-columns-is-layout-flex">
<div class="wp-block-column is-vertically-aligned-top is-layout-flow wp-block-column-is-layout-flow" style="flex-basis:180px">
<figure class="wp-block-image size-full"><img decoding="async" width="170" height="170" data-src="https://dev-durable.agglo-larochelle.fr/2023/wp-content/uploads/2022/09/F_SDG-goals_icons-individual-rgb-17-min.png" alt="Partenariats pour la réalisation des objectifs" class="wp-image-2393 lazyload" style="--smush-placeholder-width: 170px; --smush-placeholder-aspect-ratio: 170/170;object-fit:cover" data-srcset="https://dev-durable.agglo-larochelle.fr/2023/wp-content/uploads/2022/09/F_SDG-goals_icons-individual-rgb-17-min.png 170w, https://dev-durable.agglo-larochelle.fr/2023/wp-content/uploads/2022/09/F_SDG-goals_icons-individual-rgb-17-min-78x78.png 78w" data-sizes="(max-width: 170px) 100vw, 170px" src="data:image/svg+xml;base64,PHN2ZyB3aWR0aD0iMSIgaGVpZ2h0PSIxIiB4bWxucz0iaHR0cDovL3d3dy53My5vcmcvMjAwMC9zdmciPjwvc3ZnPg==" /></figure>
</div>



<div class="wp-block-column is-vertically-aligned-top is-layout-flow wp-block-column-is-layout-flow" style="flex-basis:66.66%">
<p><strong>L’ODD 17 : Partenariats pour la réalisation des objectifs.</strong> Parmi ses cibles : Encourager et promouvoir les partenariats publics, les partenariats public-privé et les partenariats avec la société civile ; renforcer la coopération scientifique et technologique ; apporter un soutien au renforcement des capacités des pays en développement ; établir des indicateurs de progrès en matière de développement durable.</p>
</div>
</div>

<p>Les ODD qui sont les plus représentés à travers les actions identifiées dans ce rapport 2023  sont : L’ODD 13&nbsp;: Prendre d’urgence des mesures pour lutter contre les changements climatiques et leurs répercussions. Parmi ses cibles&nbsp;: renforcer la résilience et les capacités d’adaptation face aux aléas climatiques et aux catastrophes naturelles liées au climat&nbsp;; incorporer [&hellip;]</p>
