{"id":9,"date":"2018-10-05T09:57:31","date_gmt":"2018-10-05T07:57:31","guid":{"rendered":"https:\/\/dev-durable.agglo-larochelle.fr\/20236.0.2\/?page_id=9"},"modified":"2022-11-22T16:19:39","modified_gmt":"2022-11-22T15:19:39","slug":"amenagement","status":"publish","type":"page","link":"https:\/\/dev-durable.agglo-larochelle.fr\/2023\/un-territoire-creative\/amenagement\/","title":{"rendered":"Am\u00e9nagement"},"content":{"rendered":"<p><strong>Les grands projets de l\u2019Agglom\u00e9ration int\u00e8grent les meilleures solutions techniques pour r\u00e9pondre pleinement \u00e0 ses ambitions et ses objectifs environnementaux. Mobilit\u00e9s d\u00e9carbon\u00e9es, \u00e9co-constructions et am\u00e9nagements durables sont au c\u0153ur de toutes les d\u00e9marches.\u00a0 <\/strong><\/p>\n","protected":false},"excerpt":{"rendered":"<p>Les grands projets de l\u2019Agglom\u00e9ration int\u00e8grent les meilleures solutions techniques pour r\u00e9pondre pleinement \u00e0 ses ambitions et ses objectifs environnementaux. Mobilit\u00e9s d\u00e9carbon\u00e9es, \u00e9co-constructions et am\u00e9nagements durables sont au c\u0153ur de toutes les d\u00e9marches.\u00a0<\/p>\n","protected":false},"author":1,"featured_media":2469,"parent":7,"menu_order":1,"comment_status":"closed","ping_status":"closed","template":"page-sous-partie.php","meta":{"inline_featured_image":false,"footnotes":""},"categories":[],"tags":[],"acf":[],"_links":{"self":[{"href":"https:\/\/dev-durable.agglo-larochelle.fr\/2023\/wp-json\/wp\/v2\/pages\/9"}],"collection":[{"href":"https:\/\/dev-durable.agglo-larochelle.fr\/2023\/wp-json\/wp\/v2\/pages"}],"about":[{"href":"https:\/\/dev-durable.agglo-larochelle.fr\/2023\/wp-json\/wp\/v2\/types\/page"}],"author":[{"embeddable":true,"href":"https:\/\/dev-durable.agglo-larochelle.fr\/2023\/wp-json\/wp\/v2\/users\/1"}],"replies":[{"embeddable":true,"href":"https:\/\/dev-durable.agglo-larochelle.fr\/2023\/wp-json\/wp\/v2\/comments?post=9"}],"version-history":[{"count":8,"href":"https:\/\/dev-durable.agglo-larochelle.fr\/2023\/wp-json\/wp\/v2\/pages\/9\/revisions"}],"predecessor-version":[{"id":2604,"href":"https:\/\/dev-durable.agglo-larochelle.fr\/2023\/wp-json\/wp\/v2\/pages\/9\/revisions\/2604"}],"up":[{"embeddable":true,"href":"https:\/\/dev-durable.agglo-larochelle.fr\/2023\/wp-json\/wp\/v2\/pages\/7"}],"wp:featuredmedia":[{"embeddable":true,"href":"https:\/\/dev-durable.agglo-larochelle.fr\/2023\/wp-json\/wp\/v2\/media\/2469"}],"wp:attachment":[{"href":"https:\/\/dev-durable.agglo-larochelle.fr\/2023\/wp-json\/wp\/v2\/media?parent=9"}],"wp:term":[{"taxonomy":"category","embeddable":true,"href":"https:\/\/dev-durable.agglo-larochelle.fr\/2023\/wp-json\/wp\/v2\/categories?post=9"},{"taxonomy":"post_tag","embeddable":true,"href":"https:\/\/dev-durable.agglo-larochelle.fr\/2023\/wp-json\/wp\/v2\/tags?post=9"}],"curies":[{"name":"wp","href":"https:\/\/api.w.org\/{rel}","templated":true}]}}

Aménagement

<p><strong>Les grands projets de l’Agglomération intègrent les meilleures solutions techniques pour répondre pleinement à ses ambitions et ses objectifs environnementaux. Mobilités décarbonées, éco-constructions et aménagements durables sont au cœur de toutes les démarches.  </strong></p>

<p>Les grands projets de l’Agglomération intègrent les meilleures solutions techniques pour répondre pleinement à ses ambitions et ses objectifs environnementaux. Mobilités décarbonées, éco-constructions et aménagements durables sont au cœur de toutes les démarches. </p>
